{"id":24,"date":"2015-08-30T08:39:54","date_gmt":"2015-08-30T08:39:54","guid":{"rendered":"http:\/\/grundschule-edwin-scharff-ring.schulhomepages.hamburg.de\/?page_id=24"},"modified":"2021-05-20T08:14:52","modified_gmt":"2021-05-20T08:14:52","slug":"gbs","status":"publish","type":"page","link":"https:\/\/grundschule-edwin-scharff-ring.hamburg.de\/?page_id=24","title":{"rendered":"GBS"},"content":{"rendered":"<p><a href=\"https:\/\/grundschule-edwin-scharff-ring.hamburg.de\/wp-content\/uploads\/sites\/143\/2015\/08\/GBS.jpg\" data-rel=\"lightbox\" data-rl_title=\"\" data-rl_caption=\"\" title=\"\"><img loading=\"lazy\" decoding=\"async\" class=\"size-full wp-image-129 alignleft\" src=\"https:\/\/grundschule-edwin-scharff-ring.hamburg.de\/wp-content\/uploads\/sites\/143\/2015\/08\/GBS.jpg\" alt=\"GBS\" width=\"77\" height=\"77\" srcset=\"https:\/\/grundschule-edwin-scharff-ring.hamburg.de\/wp-content\/uploads\/sites\/143\/2015\/08\/GBS.jpg 77w, https:\/\/grundschule-edwin-scharff-ring.hamburg.de\/wp-content\/uploads\/sites\/143\/2015\/08\/GBS-60x60.jpg 60w\" sizes=\"(max-width: 77px) 100vw, 77px\" \/><\/a>\u00a0<a href=\"https:\/\/grundschule-edwin-scharff-ring.hamburg.de\/wp-content\/uploads\/sites\/143\/2015\/08\/cropped-Logo21.jpg\" data-rel=\"lightbox\" data-rl_title=\"\" data-rl_caption=\"\" title=\"\"><img loading=\"lazy\" decoding=\"async\" class=\"wp-image-75 alignright\" src=\"https:\/\/grundschule-edwin-scharff-ring.hamburg.de\/wp-content\/uploads\/sites\/143\/2015\/08\/cropped-Logo21-300x300.jpg\" alt=\"cropped-Logo21.jpg\" width=\"78\" height=\"78\" srcset=\"https:\/\/grundschule-edwin-scharff-ring.hamburg.de\/wp-content\/uploads\/sites\/143\/2015\/08\/cropped-Logo21-300x300.jpg 300w, https:\/\/grundschule-edwin-scharff-ring.hamburg.de\/wp-content\/uploads\/sites\/143\/2015\/08\/cropped-Logo21-150x150.jpg 150w, https:\/\/grundschule-edwin-scharff-ring.hamburg.de\/wp-content\/uploads\/sites\/143\/2015\/08\/cropped-Logo21-60x60.jpg 60w, https:\/\/grundschule-edwin-scharff-ring.hamburg.de\/wp-content\/uploads\/sites\/143\/2015\/08\/cropped-Logo21-270x270.jpg 270w, https:\/\/grundschule-edwin-scharff-ring.hamburg.de\/wp-content\/uploads\/sites\/143\/2015\/08\/cropped-Logo21-192x192.jpg 192w, https:\/\/grundschule-edwin-scharff-ring.hamburg.de\/wp-content\/uploads\/sites\/143\/2015\/08\/cropped-Logo21-180x180.jpg 180w, https:\/\/grundschule-edwin-scharff-ring.hamburg.de\/wp-content\/uploads\/sites\/143\/2015\/08\/cropped-Logo21-32x32.jpg 32w, https:\/\/grundschule-edwin-scharff-ring.hamburg.de\/wp-content\/uploads\/sites\/143\/2015\/08\/cropped-Logo21.jpg 512w\" sizes=\"(max-width: 78px) 100vw, 78px\" \/><\/a><\/p>\n<p style=\"text-align: center\"><a href=\"https:\/\/grundschule-edwin-scharff-ring.hamburg.de\/wp-content\/uploads\/sites\/143\/2015\/08\/Kinderbunt.jpg\" data-rel=\"lightbox\" data-rl_title=\"\" data-rl_caption=\"\" title=\"\"><img loading=\"lazy\" decoding=\"async\" class=\"size-full wp-image-130 aligncenter\" src=\"https:\/\/grundschule-edwin-scharff-ring.hamburg.de\/wp-content\/uploads\/sites\/143\/2015\/08\/Kinderbunt.jpg\" alt=\"Kinderbunt\" width=\"186\" height=\"83\" \/><\/a><\/p>\n<p style=\"text-align: center\"><strong>Wir gehen auf&#8216; s Ganze &#8211; Bildung und\u00a0Betreuung an Schulen (GBS)<\/strong><\/p>\n<p style=\"text-align: left\">Um eine Ganztagsbetreuung zu erm\u00f6glichen, kooperiert die Schule Edwin-Scharff-Ring mit dem Tr\u00e4ger <a href=\"https:\/\/grundschule-edwin-scharff-ring.hamburg.de\/drk-kiju\/\">DRK &#8211; \u00a0KiJu<\/a>.<\/p>\n<p style=\"text-align: left\">Als Ganztagsschule \u00a0bieten wir von Montag bis Freitag (8:00 Uhr &#8211; 16:00 Uhr) eine kostenlose Betreuung f\u00fcr alle unserer Sch\u00fcler an. F\u00fcr das Mittagessen wird ein Beitrag erhoben, der sich nach der H\u00f6he des jeweiligen Familieneinkommens richtet.<\/p>\n<p style=\"text-align: left\">Au\u00dferdem k\u00f6nnen eine Fr\u00fchbetreuung ab 6:00 Uhr, eine Sp\u00e4tbetreuung bis 18:00 Uhr sowie eine Ferienbetreuung kostenpflichtig gebucht werden.<\/p>\n<p>Detaillierte Informationen \u00fcber Anmeldung, Geb\u00fchren und Organisation erhalten Sie unter: <a href=\"http:\/\/www.hamburg.de\/infos-fuer-eltern\/\" target=\"_blank\" rel=\"noopener noreferrer\">INFO &#8211; GBS<\/a><\/p>\n<p>Informationen zum Anmeldeverfahren und zu den Kosten der einzelnen<br \/>\nBetreuungsleistungen und des Mittagessens erhalten Sie auch von Fr. Br\u00fcmmer im Schulb\u00fcro (Tel.: 040 428963840).<\/p>\n<p>Ebenso stehen Ihnen Fr. Ziegler und Fr. Braasch, die Leitung des DRK-KiJu, als Ansprechpartner zur Verf\u00fcgung:<\/p>\n<p>gbs-edwinscharffring@drk-kiju.de<\/p>\n<p>Tel. B\u00fcro: 040-69279332<br \/>\nMobil: 0176-62087553<\/p>\n<p>&nbsp;<\/p>\n","protected":false},"excerpt":{"rendered":"<p>\u00a0 Wir gehen auf&#8216; s Ganze &#8211; Bildung und\u00a0Betreuung an Schulen (GBS) Um eine Ganztagsbetreuung zu erm\u00f6glichen, kooperiert die Schule Edwin-Scharff-Ring mit dem Tr\u00e4ger DRK &#8211; \u00a0KiJu. Als Ganztagsschule \u00a0bieten wir von Montag bis Freitag (8:00 Uhr &#8211; 16:00 Uhr) eine kostenlose Betreuung f\u00fcr alle unserer Sch\u00fcler an. F\u00fcr das Mittagessen wird ein Beitrag erhoben, [&hellip;]<\/p>\n","protected":false},"author":221,"featured_media":0,"parent":0,"menu_order":0,"comment_status":"closed","ping_status":"closed","template":"","meta":{"_acf_changed":false,"_et_pb_use_builder":"","_et_pb_old_content":"","_et_gb_content_width":"","footnotes":""},"class_list":["post-24","page","type-page","status-publish","hentry"],"acf":[],"_links":{"self":[{"href":"https:\/\/grundschule-edwin-scharff-ring.hamburg.de\/index.php?rest_route=\/wp\/v2\/pages\/24","targetHints":{"allow":["GET"]}}],"collection":[{"href":"https:\/\/grundschule-edwin-scharff-ring.hamburg.de\/index.php?rest_route=\/wp\/v2\/pages"}],"about":[{"href":"https:\/\/grundschule-edwin-scharff-ring.hamburg.de\/index.php?rest_route=\/wp\/v2\/types\/page"}],"author":[{"embeddable":true,"href":"https:\/\/grundschule-edwin-scharff-ring.hamburg.de\/index.php?rest_route=\/wp\/v2\/users\/221"}],"replies":[{"embeddable":true,"href":"https:\/\/grundschule-edwin-scharff-ring.hamburg.de\/index.php?rest_route=%2Fwp%2Fv2%2Fcomments&post=24"}],"version-history":[{"count":3,"href":"https:\/\/grundschule-edwin-scharff-ring.hamburg.de\/index.php?rest_route=\/wp\/v2\/pages\/24\/revisions"}],"predecessor-version":[{"id":1034,"href":"https:\/\/grundschule-edwin-scharff-ring.hamburg.de\/index.php?rest_route=\/wp\/v2\/pages\/24\/revisions\/1034"}],"wp:attachment":[{"href":"https:\/\/grundschule-edwin-scharff-ring.hamburg.de\/index.php?rest_route=%2Fwp%2Fv2%2Fmedia&parent=24"}],"curies":[{"name":"wp","href":"https:\/\/api.w.org\/{rel}","templated":true}]}}